{"id":245,"date":"2018-10-21T13:11:58","date_gmt":"2018-10-21T13:11:58","guid":{"rendered":"http:\/\/www.demos.machothemes.com\/antreas-pro\/?page_id=245"},"modified":"2020-10-30T19:50:11","modified_gmt":"2020-10-30T19:50:11","slug":"our-story","status":"publish","type":"page","link":"http:\/\/www.abogados-de-empresa.com\/site\/our-story\/","title":{"rendered":"Abogados de Empresa S.C."},"content":{"rendered":"\n<p>Es una firma de Abogados que representa, asesora y patrocina, a empresas mexicanas y a personas f\u00edsicas, primordialmente en las siguientes ramas de Derecho: Derecho Corporativo, Mercantil, Civil, Fiscal, Administrativo, Propiedad Intelectual, Laboral y Amparo.<\/p>\n\n\n\n<p>Las caracter\u00edsticas que distinguen a nuestra firma son la confiabilidad, honestidad, empe\u00f1o, profesionalismo y capacidad, con las que sus integrantes desempe\u00f1an las labores que les corresponden.<\/p>\n","protected":false},"excerpt":{"rendered":"<p>Es una firma de Abogados que representa, asesora y patrocina, a empresas mexicanas y a personas f\u00edsicas&#8230;<\/p>\n","protected":false},"author":1,"featured_media":242,"parent":0,"menu_order":0,"comment_status":"closed","ping_status":"closed","template":"","meta":[],"_links":{"self":[{"href":"http:\/\/www.abogados-de-empresa.com\/site\/wp-json\/wp\/v2\/pages\/245"}],"collection":[{"href":"http:\/\/www.abogados-de-empresa.com\/site\/wp-json\/wp\/v2\/pages"}],"about":[{"href":"http:\/\/www.abogados-de-empresa.com\/site\/wp-json\/wp\/v2\/types\/page"}],"author":[{"embeddable":true,"href":"http:\/\/www.abogados-de-empresa.com\/site\/wp-json\/wp\/v2\/users\/1"}],"replies":[{"embeddable":true,"href":"http:\/\/www.abogados-de-empresa.com\/site\/wp-json\/wp\/v2\/comments?post=245"}],"version-history":[{"count":2,"href":"http:\/\/www.abogados-de-empresa.com\/site\/wp-json\/wp\/v2\/pages\/245\/revisions"}],"predecessor-version":[{"id":334,"href":"http:\/\/www.abogados-de-empresa.com\/site\/wp-json\/wp\/v2\/pages\/245\/revisions\/334"}],"wp:featuredmedia":[{"embeddable":true,"href":"http:\/\/www.abogados-de-empresa.com\/site\/wp-json\/wp\/v2\/media\/242"}],"wp:attachment":[{"href":"http:\/\/www.abogados-de-empresa.com\/site\/wp-json\/wp\/v2\/media?parent=245"}],"curies":[{"name":"wp","href":"https:\/\/api.w.org\/{rel}","templated":true}]}}

<p>Es una firma de Abogados que representa, asesora y patrocina, a empresas mexicanas y a personas físicas, primordialmente en las siguientes ramas de Derecho: Derecho Corporativo, Mercantil, Civil, Fiscal, Administrativo, Propiedad Intelectual, Laboral y Amparo.</p>



<p>Las características que distinguen a nuestra firma son la confiabilidad, honestidad, empeño, profesionalismo y capacidad, con las que sus integrantes desempeñan las labores que les corresponden.</p>

<p>Es una firma de Abogados que representa, asesora y patrocina, a empresas mexicanas y a personas físicas&#8230;</p>
